airboatsrus.com
213.110.133.221 - - [04/Feb/2012:00:45:15 -0900] "GET / HTTP/1.1" 200 1615 /users/s/n/~sncairboats/index.htm "http://cloudstravel.ru/" "Mozilla/5.0 (compatible; Googlebot/2.1; +http://www.google.com/bot.html)" airboatsrus.com
130.193.10.37 - - [04/Feb/2012:00:56:28 -0900] "GET /robots.txt HTTP/1.0" 404 276 /users/s/n/~sncairboats/robots.txt "-" "Mozilla/5.0 (compatible; MJ12bot/v1.4.1; http://www.majestic12.co.uk/bot.php?+)" airboatsrus.com
130.193.10.37 - - [04/Feb/2012:00:56:36 -0900] "GET / HTTP/1.0" 200 1615 /users/s/n/~sncairboats/index.htm "-" "Mozilla/5.0 (compatible; MJ12bot/v1.4.1; http://www.majestic12.co.uk/bot.php?+)" airboatsrus.com
178.137.5.23 - - [04/Feb/2012:02:55:09 -0900] "GET / HTTP/1.0" 200 1615 /users/s/n/~sncairboats/index.htm "http://www.schoolbuild.ru/" "Mozilla/4.0 (compatible; MSIE 6.0; Windows NT 5.2; SV1; .NET CLR 1.1.4322; .NET CLR 2.0.50727)" airboatsrus.com
178.137.5.23 - - [04/Feb/2012:02:55:10 -0900] "GET / HTTP/1.0" 200 1615 /users/s/n/~sncairboats/index.htm "http://www.schoolbuild.ru/" "Mozilla/4.0 (compatible; MSIE 5.5; Windows NT 5.0)" airboatsrus.com
178.137.5.23 - - [04/Feb/2012:02:55:11 -0900] "GET / HTTP/1.0" 200 1615 /users/s/n/~sncairboats/index.htm "http://www.schoolbuild.ru/" "Mozilla/4.0 (compatible; MSIE 7.0b; Windows NT 6.0)" airboatsrus.com
193.47.80.47 - - [04/Feb/2012:02:57:12 -0900] "GET /robots.txt HTTP/1.1" 404 288 /users/s/n/~sncairboats/robots.txt "-" "Mozilla/5.0 (compatible; Exabot/3.0; +http://www.exabot.com/go/robot)" airboatsrus.com
193.47.80.47 - - [04/Feb/2012:02:57:12 -0900] "GET / HTTP/1.1" 304 - /users/s/n/~sncairboats/index.htm "-" "Mozilla/5.0 (compatible; Exabot/3.0; +http://www.exabot.com/go/robot)" airboatsrus.com
95.108.150.235 - - [04/Feb/2012:04:09:06 -0900] "GET /robots.txt HTTP/1.1" 404 288 /users/s/n/~sncairboats/robots.txt "-" "Mozilla/5.0 (compatible; YandexBot/3.0; +http://yandex.com/bots)" airboatsrus.com
95.108.150.235 - - [04/Feb/2012:04:09:07 -0900] "GET / HTTP/1.1" 200 1615 /users/s/n/~sncairboats/index.htm "-" "Mozilla/5.0 (compatible; YandexBot/3.0; +http://yandex.com/bots)" airboatsrus.com
95.108.150.235 - - [04/Feb/2012:04:09:08 -0900] "GET / HTTP/1.1" 200 1615 /users/s/n/~sncairboats/index.htm "-" "Mozilla/5.0 (compatible; YandexBot/3.0; +http://yandex.com/bots)" airboatsrus.com
193.106.136.43 - - [04/Feb/2012:04:37:47 -0900] "GET / HTTP/1.0" 200 1615 /users/s/n/~sncairboats/index.htm "http://vlirt.ru/" "Mozilla/5.0 (compatible; Googlebot/2.1; +http://www.google.com/bot.html)" airboatsrus.com
193.106.136.43 - - [04/Feb/2012:04:37:47 -0900] "GET / HTTP/1.0" 200 1615 /users/s/n/~sncairboats/index.htm "http://vlirt.ru/" "Mozilla/5.0 (compatible; Googlebot/2.1; +http://www.google.com/bot.html)" airboatsrus.com
193.106.136.43 - - [04/Feb/2012:04:37:48 -0900] "GET / HTTP/1.0" 200 1615 /users/s/n/~sncairboats/index.htm "http://vlirt.ru/" "Mozilla/5.0 (compatible; Googlebot/2.1; +http://www.google.com/bot.html)" airboatsrus.com
123.125.71.35 - - [04/Feb/2012:06:48:42 -0900] "GET / HTTP/1.1" 200 1615 /users/s/n/~sncairboats/index.htm "-" "Mozilla/5.0 (compatible; Baiduspider/2.0; +http://www.baidu.com/search/spider.html)" airboatsrus.com
208.80.194.71 - - [04/Feb/2012:07:55:08 -0900] "GET / HTTP/1.0" 200 1615 /users/s/n/~sncairboats/index.htm "-" "Mozilla/4.0 (compatible; MSIE 6.0; Windows NT 5.1; SV1; .NET CLR 1.1.4322; .NET CLR 2.0.50728)" airboatsrus.com
157.55.16.222 - - [04/Feb/2012:09:12:29 -0900] "GET /robots.txt HTTP/1.1" 404 288 /users/s/n/~sncairboats/robots.txt "-" "Mozilla/5.0 (compatible; bingbot/2.0; +http://www.bing.com/bingbot.htm)" airboatsrus.com
92.39.50.14 - - [04/Feb/2012:11:06:47 -0900] "GET /wp-login.php HTTP/1.0" 404 278 /users/s/n/~sncairboats/wp-login.php "-" "-" airboatsrus.com
178.137.5.23 - - [04/Feb/2012:11:41:28 -0900] "GET / HTTP/1.0" 200 1615 /users/s/n/~sncairboats/index.htm "http://www.otvetnemail.ru/forumdisplay.php?f=814" "Mozilla/4.0 (compatible; MSIE 6.0; Windows NT 5.1; SV1; InfoPath.1)" airboatsrus.com
178.137.5.23 - - [04/Feb/2012:11:41:29 -0900] "GET / HTTP/1.0" 200 1615 /users/s/n/~sncairboats/index.htm "http://www.otvetnemail.ru/forumdisplay.php?f=814" "Mozilla/4.0 (compatible; MSIE 6.0; Windows NT 5.1)" airboatsrus.com
178.137.5.23 - - [04/Feb/2012:11:41:30 -0900] "GET / HTTP/1.0" 200 1615 /users/s/n/~sncairboats/index.htm "http://www.otvetnemail.ru/forumdisplay.php?f=814" "Mozilla/0.6 Beta (Windows)" airboatsrus.com
64.22.106.82 - - [04/Feb/2012:13:34:35 -0900] "GET /robots.txt HTTP/1.0" 404 276 /users/s/n/~sncairboats/robots.txt "-" "Gigabot/3.0 (http://www.gigablast.com/spider.html)" airboatsrus.com
64.22.106.82 - - [04/Feb/2012:13:34:35 -0900] "GET / HTTP/1.0" 200 1615 /users/s/n/~sncairboats/index.htm "-" "Gigabot/3.0 (http://www.gigablast.com/spider.html)" airboatsrus.com
98.139.241.251 - - [04/Feb/2012:14:12:27 -0900] "GET /user/image/hainestrooper99web.jpg HTTP/1.1" 200 31592 /users/s/n/~sncairboats/user/image/hainestrooper99web.jpg "-" "Mozilla/5.0 (iPhone; CPU iPhone OS 5_0_1 like Mac OS X) AppleWebKit/534.46 (KHTML, like Gecko) Version/5.1 Mobile/9A406 Safari/7534.48.3" airboatsrus.com
180.76.5.139 - - [04/Feb/2012:17:01:02 -0900] "GET /robots.txt HTTP/1.1" 404 288 /users/s/n/~sncairboats/robots.txt "-" "Baiduspider+(+http://www.baidu.com/search/spider.htm)" airboatsrus.com
92.249.127.111 - - [04/Feb/2012:18:39:48 -0900] "GET / HTTP/1.1" 200 1615 /users/s/n/~sncairboats/index.htm "http://vlirt.ru/" "Mozilla/5.0 (compatible; Googlebot/2.1; +http://www.google.com/bot.html)" airboatsrus.com
92.249.127.111 - - [04/Feb/2012:18:39:50 -0900] "GET / HTTP/1.1" 200 1615 /users/s/n/~sncairboats/index.htm "http://vlirt.ru/" "Mozilla/5.0 (compatible; Googlebot/2.1; +http://www.google.com/bot.html)" airboatsrus.com
184.82.219.101 - - [04/Feb/2012:18:48:28 -0900] "GET / HTTP/1.0" 200 1615 /users/s/n/~sncairboats/index.htm "-" "Mozilla/4.0 (compatible; MSIE 8.0; Windows NT 6.1; Trident/4.0)" airboatsrus.com
75.108.115.54 - - [04/Feb/2012:19:00:56 -0900] "GET /user/image/hainestrooper99web.jpg HTTP/1.1" 200 31592 /users/s/n/~sncairboats/user/image/hainestrooper99web.jpg "http://www.bing.com/images/search?q=Air+Boats&view=detail&id=F6529DFC4568291D6AFA6DD3BB8210F8A440FCF6&first=0" "Mozilla/4.0 (compatible; MSIE 8.0; Windows NT 5.1; Trident/4.0; FunWebProducts; GTB7.2; .NET CLR 1.1.4322; .NET CLR 2.0.50727; .NET CLR 3.0.4506.2152; .NET CLR 3.5.30729; FunWebProducts; BRI/2; AskTbORJ/5.14.1.20007; BOIE8;ENUS)" airboatsrus.com
75.108.115.54 - - [04/Feb/2012:19:00:56 -0900] "GET /airboatsrus.htm HTTP/1.1" 200 4480 /users/s/n/~sncairboats/airboatsrus.htm "http://www.bing.com/images/search?q=Air+Boats&view=detail&id=F6529DFC4568291D6AFA6DD3BB8210F8A440FCF6&first=0" "Mozilla/4.0 (compatible; MSIE 8.0; Windows NT 5.1; Trident/4.0; FunWebProducts; GTB7.2; .NET CLR 1.1.4322; .NET CLR 2.0.50727; .NET CLR 3.0.4506.2152; .NET CLR 3.5.30729; FunWebProducts; BRI/2; AskTbORJ/5.14.1.20007; BOIE8;ENUS)" airboatsrus.com
75.108.115.54 - - [04/Feb/2012:19:00:57 -0900] "GET /usertpl/1blank-plain/_ewisoft_logotrans.gif HTTP/1.1" 200 43 /users/s/n/~sncairboats/usertpl/1blank-plain/_ewisoft_logotrans.gif "http://airboatsrus.com/airboatsrus.htm" "Mozilla/4.0 (compatible; MSIE 8.0; Windows NT 5.1; Trident/4.0; FunWebProducts; GTB7.2; .NET CLR 1.1.4322; .NET CLR 2.0.50727; .NET CLR 3.0.4506.2152; .NET CLR 3.5.30729; FunWebProducts; BRI/2; AskTbORJ/5.14.1.20007; BOIE8;ENUS)" airboatsrus.com
75.108.115.54 - - [04/Feb/2012:19:00:57 -0900] "GET /usertpl/1blank-plain/stylesheet.css HTTP/1.1" 200 1392 /users/s/n/~sncairboats/usertpl/1blank-plain/stylesheet.css "http://airboatsrus.com/airboatsrus.htm" "Mozilla/4.0 (compatible; MSIE 8.0; Windows NT 5.1; Trident/4.0; FunWebProducts; GTB7.2; .NET CLR 1.1.4322; .NET CLR 2.0.50727; .NET CLR 3.0.4506.2152; .NET CLR 3.5.30729; FunWebProducts; BRI/2; AskTbORJ/5.14.1.20007; BOIE8;ENUS)" airboatsrus.com
75.108.115.54 - - [04/Feb/2012:19:00:58 -0900] "GET /user/image/webnakedlady95.jpg HTTP/1.1" 200 45651 /users/s/n/~sncairboats/user/image/webnakedlady95.jpg "http://airboatsrus.com/airboatsrus.htm" "Mozilla/4.0 (compatible; MSIE 8.0; Windows NT 5.1; Trident/4.0; FunWebProducts; GTB7.2; .NET CLR 1.1.4322; .NET CLR 2.0.50727; .NET CLR 3.0.4506.2152; .NET CLR 3.5.30729; FunWebProducts; BRI/2; AskTbORJ/5.14.1.20007; BOIE8;ENUS)" airboatsrus.com
213.186.127.2 - - [04/Feb/2012:20:39:16 -0900] "GET / HTTP/1.1" 200 1615 /users/s/n/~sncairboats/index.htm "-" "Mozilla/5.0 (compatible; AhrefsBot/2.0; +http://ahrefs.com/robot/)" airboatsrus.com
207.46.13.208 - - [04/Feb/2012:21:33:02 -0900] "GET /robots.txt HTTP/1.1" 404 288 /users/s/n/~sncairboats/robots.txt "-" "Mozilla/5.0 (compatible; bingbot/2.0; +http://www.bing.com/bingbot.htm)" airboatsrus.com
207.46.13.208 - - [04/Feb/2012:21:33:59 -0900] "GET /p1.htm HTTP/1.1" 304 - /users/s/n/~sncairboats/p1.htm "-" "Mozilla/5.0 (compatible; bingbot/2.0; +http://www.bing.com/bingbot.htm)" airboatsrus.com
208.93.105.250 - - [04/Feb/2012:21:43:30 -0900] "HEAD / HTTP/1.1" 200 0 /users/s/n/~sncairboats/index.htm "-" "http://www.yellowpages.com/about/legal/crawl" airboatsrus.com
66.249.68.100 - - [04/Feb/2012:23:45:37 -0900] "GET /robots.txt HTTP/1.1" 404 288 /users/s/n/~sncairboats/robots.txt "-" "Mozilla/5.0 (compatible; Googlebot/2.1; +http://www.google.com/bot.html)" airboatsrus.com
66.249.68.100 - - [04/Feb/2012:23:45:37 -0900] "GET / HTTP/1.1" 304 - /users/s/n/~sncairboats/index.htm "-" "Mozilla/5.0 (compatible; Googlebot/2.1; +http://www.google.com/bot.html)" www.airboatsrus.com
178.137.16.47 - - [04/Feb/2012:00:44:30 -0900] "GET / HTTP/1.0" 200 1615 /users/s/n/~sncairboats/index.htm "http://perunage.supercharts.ru/sitemap.html" "Mozilla/4.0 (compatible; MSIE 6.0; Windows NT 5.0)" www.airboatsrus.com
178.137.16.47 - - [04/Feb/2012:00:44:31 -0900] "GET / HTTP/1.0" 200 1615 /users/s/n/~sncairboats/index.htm "http://perunage.supercharts.ru/sitemap.html" "Mozilla/4.0 (compatible; MSIE 6.0; MSIE 5.5; Windows NT 5.0) Opera 7.02 Bork-edition [en]" www.airboatsrus.com
178.137.16.47 - - [04/Feb/2012:00:44:31 -0900] "GET / HTTP/1.0" 200 1615 /users/s/n/~sncairboats/index.htm "http://perunage.supercharts.ru/sitemap.html" "Mozilla/4.0 (compatible; MSIE 6.0; Windows NT 5.0; Avant Browser [avantbrowser.com]; Hotbar 4.4.5.0)" www.airboatsrus.com
178.137.16.47 - - [04/Feb/2012:00:44:32 -0900] "GET / HTTP/1.0" 200 1615 /users/s/n/~sncairboats/index.htm "http://perunage.supercharts.ru/sitemap.html" "Mozilla/4.0 (compatible; MSIE 6.0; Windows NT 5.1) Opera 7.54 [en]" www.airboatsrus.com
178.137.16.47 - - [04/Feb/2012:00:44:32 -0900] "GET / HTTP/1.0" 200 1615 /users/s/n/~sncairboats/index.htm "http://perunage.supercharts.ru/sitemap.html" "Opera/9.00 (Windows NT 5.1; U; en)" www.airboatsrus.com
130.193.10.37 - - [04/Feb/2012:00:56:40 -0900] "GET /robots.txt HTTP/1.0" 404 280 /users/s/n/~sncairboats/robots.txt "-" "Mozilla/5.0 (compatible; MJ12bot/v1.4.1; http://www.majestic12.co.uk/bot.php?+)" www.airboatsrus.com
130.193.10.37 - - [04/Feb/2012:00:56:44 -0900] "GET / HTTP/1.0" 200 1615 /users/s/n/~sncairboats/index.htm "-" "Mozilla/5.0 (compatible; MJ12bot/v1.4.1; http://www.majestic12.co.uk/bot.php?+)" www.airboatsrus.com
67.139.164.34 - - [04/Feb/2012:01:32:14 -0900] "GET / HTTP/1.1" 304 - /users/s/n/~sncairboats/index.htm "-" "Mozilla/4.0 (compatible; MSIE 7.0; Windows NT 5.1; .NET CLR 2.0.50727; OfficeLiveConnector.1.3; OfficeLivePatch.0.0)" www.airboatsrus.com
178.137.16.47 - - [04/Feb/2012:01:48:58 -0900] "GET /logs/access.log HTTP/1.0" 200 158376 /users/s/n/~sncairboats/logs/access.log "http://xecajaf.dax.ru/sitemap.html" "Mozilla/4.0 (compatible; MSIE 6.0; AOL 9.0; Windows NT 5.1)" www.airboatsrus.com
178.137.16.47 - - [04/Feb/2012:01:48:59 -0900] "GET /logs/access.log HTTP/1.0" 200 0 /users/s/n/~sncairboats/logs/access.log "http://xecajaf.dax.ru/sitemap.html" "Mozilla/4.0 (compatible; MSIE 7.0; Windows NT 5.1; SV1; .NET CLR 2.0.50727)" www.airboatsrus.com
178.137.16.47 - - [04/Feb/2012:01:49:00 -0900] "GET /logs/access.log HTTP/1.0" 200 0 /users/s/n/~sncairboats/logs/access.log "http://xecajaf.dax.ru/sitemap.html" "Opera/9.00 (Windows NT 5.1; U; en)" www.airboatsrus.com
178.137.16.47 - - [04/Feb/2012:01:49:00 -0900] "GET /logs/access.log HTTP/1.0" 200 0 /users/s/n/~sncairboats/logs/access.log "http://xecajaf.dax.ru/sitemap.html" "Mozilla/4.0 (compatible; MSIE 5.5; Windows 95)" www.airboatsrus.com
178.137.16.47 - - [04/Feb/2012:01:49:00 -0900] "GET /logs/access.log HTTP/1.0" 200 0 /users/s/n/~sncairboats/logs/access.log "http://xecajaf.dax.ru/sitemap.html" "Mozilla/4.0 (compatible; MSIE 6.0; Update a; AOL 6.0; Windows 98)" www.airboatsrus.com
65.52.108.68 - - [04/Feb/2012:02:23:39 -0900] "GET /robots.txt HTTP/1.1" 404 292 /users/s/n/~sncairboats/robots.txt "-" "Mozilla/5.0 (compatible; bingbot/2.0; +http://www.bing.com/bingbot.htm)" www.airboatsrus.com
65.52.108.68 - - [04/Feb/2012:02:24:16 -0900] "GET /p1.htm HTTP/1.1" 200 1615 /users/s/n/~sncairboats/p1.htm "-" "Mozilla/5.0 (compatible; bingbot/2.0; +http://www.bing.com/bingbot.htm)" www.airboatsrus.com
66.249.67.237 - - [04/Feb/2012:03:19:40 -0900] "GET /robots.txt HTTP/1.1" 404 292 /users/s/n/~sncairboats/robots.txt "-" "Mozilla/5.0 (compatible; Googlebot/2.1; +http://www.google.com/bot.html)" www.airboatsrus.com
66.249.67.237 - - [04/Feb/2012:03:19:40 -0900] "GET /_borders/top.htm HTTP/1.1" 200 754 /users/s/n/~sncairboats/_borders/top.htm "-" "Mozilla/5.0 (compatible; Googlebot/2.1; +http://www.google.com/bot.html)" www.airboatsrus.com
95.108.150.235 - - [04/Feb/2012:04:09:02 -0900] "GET /robots.txt HTTP/1.1" 404 292 /users/s/n/~sncairboats/robots.txt "-" "Mozilla/5.0 (compatible; YandexBot/3.0; +http://yandex.com/bots)" www.airboatsrus.com
95.108.150.235 - - [04/Feb/2012:04:09:04 -0900] "GET / HTTP/1.1" 200 1615 /users/s/n/~sncairboats/index.htm "-" "Mozilla/5.0 (compatible; YandexBot/3.0; +http://yandex.com/bots)" www.airboatsrus.com
95.108.150.235 - - [04/Feb/2012:04:09:05 -0900] "GET / HTTP/1.1" 200 1615 /users/s/n/~sncairboats/index.htm "-" "Mozilla/5.0 (compatible; YandexBot/3.0; +http://yandex.com/bots)" www.airboatsrus.com
92.10.55.114 - - [04/Feb/2012:05:27:10 -0900] "GET / HTTP/1.1" 200 1615 /users/s/n/~sncairboats/index.htm "http://www.airboatdirectory.com/1_AAirboatBuildersAZ4.html" "Mozilla/4.0 (compatible; MSIE 7.0; Windows NT 6.0; SLCC1; .NET CLR 2.0.50727; .NET CLR 3.5.30729; .NET CLR 3.0.30618; .NET4.0C; .NET4.0E; MS-RTC LM 8)" www.airboatsrus.com
92.10.55.114 - - [04/Feb/2012:05:27:10 -0900] "GET /usertpl/1blank-plain/stylesheet.css HTTP/1.1" 200 1392 /users/s/n/~sncairboats/usertpl/1blank-plain/stylesheet.css "http://www.airboatsrus.com/" "Mozilla/4.0 (compatible; MSIE 7.0; Windows NT 6.0; SLCC1; .NET CLR 2.0.50727; .NET CLR 3.5.30729; .NET CLR 3.0.30618; .NET4.0C; .NET4.0E; MS-RTC LM 8)" www.airboatsrus.com
92.10.55.114 - - [04/Feb/2012:05:27:11 -0900] "GET /usertpl/1blank-plain/_ewisoft_logotrans.gif HTTP/1.1" 200 43 /users/s/n/~sncairboats/usertpl/1blank-plain/_ewisoft_logotrans.gif "http://www.airboatsrus.com/" "Mozilla/4.0 (compatible; MSIE 7.0; Windows NT 6.0; SLCC1; .NET CLR 2.0.50727; .NET CLR 3.5.30729; .NET CLR 3.0.30618; .NET4.0C; .NET4.0E; MS-RTC LM 8)" www.airboatsrus.com
92.10.55.114 - - [04/Feb/2012:05:27:11 -0900] "GET /favicon.ico HTTP/1.1" 404 293 /users/s/n/~sncairboats/favicon.ico "-" "Mozilla/4.0 (compatible; MSIE 7.0; Windows NT 6.0; SLCC1; .NET CLR 2.0.50727; .NET CLR 3.5.30729; .NET CLR 3.0.30618; .NET4.0C; .NET4.0E; MS-RTC LM 8)" www.airboatsrus.com
92.10.55.114 - - [04/Feb/2012:05:27:29 -0900] "GET /p1.htm HTTP/1.1" 200 1615 /users/s/n/~sncairboats/p1.htm "http://www.airboatsrus.com/" "Mozilla/4.0 (compatible; MSIE 7.0; Windows NT 6.0; SLCC1; .NET CLR 2.0.50727; .NET CLR 3.5.30729; .NET CLR 3.0.30618; .NET4.0C; .NET4.0E; MS-RTC LM 8)" www.airboatsrus.com
92.10.55.114 - - [04/Feb/2012:05:27:32 -0900] "GET /airboatsrus.htm HTTP/1.1" 200 4480 /users/s/n/~sncairboats/airboatsrus.htm "http://www.airboatsrus.com/p1.htm" "Mozilla/4.0 (compatible; MSIE 7.0; Windows NT 6.0; SLCC1; .NET CLR 2.0.50727; .NET CLR 3.5.30729; .NET CLR 3.0.30618; .NET4.0C; .NET4.0E; MS-RTC LM 8)" www.airboatsrus.com
92.10.55.114 - - [04/Feb/2012:05:27:34 -0900] "GET /user/image/hainestrooper99web.jpg HTTP/1.1" 200 31592 /users/s/n/~sncairboats/user/image/hainestrooper99web.jpg "http://www.airboatsrus.com/airboatsrus.htm" "Mozilla/4.0 (compatible; MSIE 7.0; Windows NT 6.0; SLCC1; .NET CLR 2.0.50727; .NET CLR 3.5.30729; .NET CLR 3.0.30618; .NET4.0C; .NET4.0E; MS-RTC LM 8)" www.airboatsrus.com
92.10.55.114 - - [04/Feb/2012:05:27:34 -0900] "GET /user/image/webnakedlady95.jpg HTTP/1.1" 200 45651 /users/s/n/~sncairboats/user/image/webnakedlady95.jpg "http://www.airboatsrus.com/airboatsrus.htm" "Mozilla/4.0 (compatible; MSIE 7.0; Windows NT 6.0; SLCC1; .NET CLR 2.0.50727; .NET CLR 3.5.30729; .NET CLR 3.0.30618; .NET4.0C; .NET4.0E; MS-RTC LM 8)" www.airboatsrus.com
130.83.167.153 - - [04/Feb/2012:06:28:43 -0900] "GET /p1.htm HTTP/1.1" 200 1615 /users/s/n/~sncairboats/p1.htm "-" "findlinks/2.0.4 (+http://wortschatz.uni-leipzig.de/findlinks/)" www.airboatsrus.com
50.128.138.68 - - [04/Feb/2012:07:46:52 -0900] "GET /robots.txt HTTP/1.1" 404 292 /users/s/n/~sncairboats/robots.txt "-" "Mozilla/5.0 (compatible; 008/0.83; http://www.80legs.com/webcrawler.html;) Gecko/2008032620" www.airboatsrus.com
50.128.138.68 - - [04/Feb/2012:07:46:52 -0900] "GET / HTTP/1.1" 200 1615 /users/s/n/~sncairboats/index.htm "-" "Mozilla/5.0 (compatible; 008/0.83; http://www.80legs.com/webcrawler.html) Gecko/2008032620" www.airboatsrus.com
50.128.138.68 - - [04/Feb/2012:07:46:52 -0900] "GET / HTTP/1.1" 200 1615 /users/s/n/~sncairboats/index.htm "-" "Mozilla/5.0 (compatible; 008/0.83; http://www.80legs.com/webcrawler.html) Gecko/2008032620" www.airboatsrus.com
66.249.67.237 - - [04/Feb/2012:07:52:04 -0900] "GET / HTTP/1.1" 304 - /users/s/n/~sncairboats/index.htm "-" "SAMSUNG-SGH-E250/1.0 Profile/MIDP-2.0 Configuration/CLDC-1.1 UP.Browser/6.2.3.3.c.1.101 (GUI) MMP/2.0 (compatible; Googlebot-Mobile/2.1; +http://www.google.com/bot.html)" www.airboatsrus.com
14.33.246.211 - - [04/Feb/2012:10:52:26 -0900] "GET / HTTP/1.0" 200 1615 /users/s/n/~sncairboats/index.htm "http://www.openfos.com/supply/Airboats-R-Us-Inc-2335701/" "Mozilla/5.0 (compatible; OpenfosBot/2.1; +http://www.openfos.com)" www.airboatsrus.com
199.21.99.91 - - [04/Feb/2012:11:00:13 -0900] "GET /robots.txt HTTP/1.1" 404 292 /users/s/n/~sncairboats/robots.txt "-" "Mozilla/5.0 (compatible; YandexBot/3.0; +http://yandex.com/bots)" www.airboatsrus.com
173.186.194.175 - - [04/Feb/2012:11:22:42 -0900] "GET / HTTP/1.1" 200 1615 /users/s/n/~sncairboats/index.htm "http://www.airboatdirectory.com/1_AAirboatBuildersAZ4.html" "Mozilla/5.0 (Windows NT 6.1) AppleWebKit/535.7 (KHTML, like Gecko) Chrome/16.0.912.77 Safari/535.7" www.airboatsrus.com
173.186.194.175 - - [04/Feb/2012:11:22:42 -0900] "GET /usertpl/1blank-plain/stylesheet.css HTTP/1.1" 200 1392 /users/s/n/~sncairboats/usertpl/1blank-plain/stylesheet.css "http://www.airboatsrus.com/" "Mozilla/5.0 (Windows NT 6.1) AppleWebKit/535.7 (KHTML, like Gecko) Chrome/16.0.912.77 Safari/535.7" www.airboatsrus.com
173.186.194.175 - - [04/Feb/2012:11:22:42 -0900] "GET /usertpl/1blank-plain/_ewisoft_logotrans.gif HTTP/1.1" 200 43 /users/s/n/~sncairboats/usertpl/1blank-plain/_ewisoft_logotrans.gif "http://www.airboatsrus.com/" "Mozilla/5.0 (Windows NT 6.1) AppleWebKit/535.7 (KHTML, like Gecko) Chrome/16.0.912.77 Safari/535.7" www.airboatsrus.com
173.186.194.175 - - [04/Feb/2012:11:22:42 -0900] "GET /favicon.ico HTTP/1.1" 404 293 /users/s/n/~sncairboats/favicon.ico "-" "Mozilla/5.0 (Windows NT 6.1) AppleWebKit/535.7 (KHTML, like Gecko) Chrome/16.0.912.77 Safari/535.7" www.airboatsrus.com
173.186.194.175 - - [04/Feb/2012:11:23:15 -0900] "GET /airboatsrus.htm HTTP/1.1" 200 4480 /users/s/n/~sncairboats/airboatsrus.htm "http://www.airboatsrus.com/" "Mozilla/5.0 (Windows NT 6.1) AppleWebKit/535.7 (KHTML, like Gecko) Chrome/16.0.912.77 Safari/535.7" www.airboatsrus.com
173.186.194.175 - - [04/Feb/2012:11:23:16 -0900] "GET /user/image/hainestrooper99web.jpg HTTP/1.1" 200 31592 /users/s/n/~sncairboats/user/image/hainestrooper99web.jpg "http://www.airboatsrus.com/airboatsrus.htm" "Mozilla/5.0 (Windows NT 6.1) AppleWebKit/535.7 (KHTML, like Gecko) Chrome/16.0.912.77 Safari/535.7" www.airboatsrus.com
173.186.194.175 - - [04/Feb/2012:11:23:16 -0900] "GET /user/image/webnakedlady95.jpg HTTP/1.1" 200 45651 /users/s/n/~sncairboats/user/image/webnakedlady95.jpg "http://www.airboatsrus.com/airboatsrus.htm" "Mozilla/5.0 (Windows NT 6.1) AppleWebKit/535.7 (KHTML, like Gecko) Chrome/16.0.912.77 Safari/535.7" www.airboatsrus.com
173.186.194.175 - - [04/Feb/2012:11:23:17 -0900] "GET /favicon.ico HTTP/1.1" 404 293 /users/s/n/~sncairboats/favicon.ico "-" "Mozilla/5.0 (Windows NT 6.1) AppleWebKit/535.7 (KHTML, like Gecko) Chrome/16.0.912.77 Safari/535.7" www.airboatsrus.com
178.137.16.47 - - [04/Feb/2012:12:25:43 -0900] "GET /logs/access.log HTTP/1.0" 200 181026 /users/s/n/~sncairboats/logs/access.log "http://wecutuze.comeze.com/" "Mozilla/4.0 (compatible; MSIE 6.0; Windows NT 5.1; SV1; .NET CLR 1.1.4322)" www.airboatsrus.com
178.137.16.47 - - [04/Feb/2012:12:25:44 -0900] "GET /logs/access.log HTTP/1.0" 200 0 /users/s/n/~sncairboats/logs/access.log "http://wecutuze.comeze.com/" "Mozilla/4.79 [en] (Windows NT 5.0; U)" www.airboatsrus.com
178.137.16.47 - - [04/Feb/2012:12:25:45 -0900] "GET /logs/access.log HTTP/1.0" 200 0 /users/s/n/~sncairboats/logs/access.log "http://wecutuze.comeze.com/" "Mozilla/4.0 (compatible; MSIE 6.0; Windows NT 5.1; SV1)" www.airboatsrus.com
178.137.16.47 - - [04/Feb/2012:12:25:45 -0900] "GET /logs/access.log HTTP/1.0" 200 0 /users/s/n/~sncairboats/logs/access.log "http://wecutuze.comeze.com/" "Mozilla/4.0 (compatible; MSIE 6.0; Windows NT 5.1; KKman2.0)" www.airboatsrus.com
178.137.16.47 - - [04/Feb/2012:12:25:45 -0900] "GET /logs/access.log HTTP/1.0" 200 0 /users/s/n/~sncairboats/logs/access.log "http://wecutuze.comeze.com/" "Mozilla/4.0 (compatible; MSIE 6.0; Windows NT 5.1; en) Opera 8.00" www.airboatsrus.com
123.125.71.116 - - [04/Feb/2012:13:48:33 -0900] "GET /usertpl/1blank-plain/stylesheet.css HTTP/1.1" 200 1392 /users/s/n/~sncairboats/usertpl/1blank-plain/stylesheet.css "-" "Mozilla/5.0 (compatible; Baiduspider/2.0; +http://www.baidu.com/search/spider.html)" www.airboatsrus.com
208.68.138.5 - - [04/Feb/2012:16:28:20 -0900] "GET /robots.txt HTTP/1.1" 404 292 /users/s/n/~sncairboats/robots.txt "-" "zibber-v0.1(www.zibb.com/crawler/)" www.airboatsrus.com
208.68.138.5 - - [04/Feb/2012:16:28:21 -0900] "GET / HTTP/1.1" 304 - /users/s/n/~sncairboats/index.htm "-" "zibber-v0.1(www.zibb.com/crawler/)" www.airboatsrus.com
166.205.10.50 - - [04/Feb/2012:16:55:21 -0900] "GET /airboatsrus.htm HTTP/1.1" 200 4480 /users/s/n/~sncairboats/airboatsrus.htm "http://www.google.com/url?sa=t&source=web&cd=1&ved=0CCoQFjAA&url=http%3A%2F%2Fwww.airboatsrus.com%2Fairboatsrus.htm&rct=j&q=poly%20for%20airboats&ei=CuAtT6umFIbLsQK85pydDg&usg=AFQjCNGFCQsT7_mRCD7-_DQQ5ABQiWMqTw" "Mozilla/5.0 (iPhone; U; CPU iPhone OS 4_3_3 like Mac OS X; en-us) AppleWebKit/533.17.9 (KHTML, like Gecko) Version/5.0.2 Mobile/8J2 Safari/6533.18.5" www.airboatsrus.com
166.205.10.50 - - [04/Feb/2012:16:55:21 -0900] "GET /usertpl/1blank-plain/_ewisoft_logotrans.gif HTTP/1.1" 200 43 /users/s/n/~sncairboats/usertpl/1blank-plain/_ewisoft_logotrans.gif "http://www.airboatsrus.com/airboatsrus.htm" "Mozilla/5.0 (iPhone; U; CPU iPhone OS 4_3_3 like Mac OS X; en-us) AppleWebKit/533.17.9 (KHTML, like Gecko) Version/5.0.2 Mobile/8J2 Safari/6533.18.5" www.airboatsrus.com
166.205.10.50 - - [04/Feb/2012:16:55:21 -0900] "GET /usertpl/1blank-plain/stylesheet.css HTTP/1.1" 200 1392 /users/s/n/~sncairboats/usertpl/1blank-plain/stylesheet.css "http://www.airboatsrus.com/airboatsrus.htm" "Mozilla/5.0 (iPhone; U; CPU iPhone OS 4_3_3 like Mac OS X; en-us) AppleWebKit/533.17.9 (KHTML, like Gecko) Version/5.0.2 Mobile/8J2 Safari/6533.18.5" www.airboatsrus.com
166.205.10.50 - - [04/Feb/2012:16:55:22 -0900] "GET /user/image/hainestrooper99web.jpg HTTP/1.1" 200 31592 /users/s/n/~sncairboats/user/image/hainestrooper99web.jpg "http://www.airboatsrus.com/airboatsrus.htm" "Mozilla/5.0 (iPhone; U; CPU iPhone OS 4_3_3 like Mac OS X; en-us) AppleWebKit/533.17.9 (KHTML, like Gecko) Version/5.0.2 Mobile/8J2 Safari/6533.18.5" www.airboatsrus.com
166.205.10.50 - - [04/Feb/2012:16:55:22 -0900] "GET /user/image/webnakedlady95.jpg HTTP/1.1" 200 45651 /users/s/n/~sncairboats/user/image/webnakedlady95.jpg "http://www.airboatsrus.com/airboatsrus.htm" "Mozilla/5.0 (iPhone; U; CPU iPhone OS 4_3_3 like Mac OS X; en-us) AppleWebKit/533.17.9 (KHTML, like Gecko) Version/5.0.2 Mobile/8J2 Safari/6533.18.5" www.airboatsrus.com
166.205.10.50 - - [04/Feb/2012:16:55:52 -0900] "GET / HTTP/1.1" 200 1615 /users/s/n/~sncairboats/index.htm "http://www.airboatsrus.com/airboatsrus.htm" "Mozilla/5.0 (iPhone; U; CPU iPhone OS 4_3_3 like Mac OS X; en-us) AppleWebKit/533.17.9 (KHTML, like Gecko) Version/5.0.2 Mobile/8J2 Safari/6533.18.5" www.airboatsrus.com
108.217.213.203 - - [04/Feb/2012:17:34:24 -0900] "GET / HTTP/1.1" 200 1615 /users/s/n/~sncairboats/index.htm "http://www.airboatdirectory.com/hot.html" "Mozilla/5.0 (Windows NT 6.1; WOW64) AppleWebKit/535.7 (KHTML, like Gecko) Chrome/16.0.912.77 Safari/535.7" www.airboatsrus.com
108.217.213.203 - - [04/Feb/2012:17:34:25 -0900] "GET /usertpl/1blank-plain/stylesheet.css HTTP/1.1" 200 1392 /users/s/n/~sncairboats/usertpl/1blank-plain/stylesheet.css "http://www.airboatsrus.com/" "Mozilla/5.0 (Windows NT 6.1; WOW64) AppleWebKit/535.7 (KHTML, like Gecko) Chrome/16.0.912.77 Safari/535.7" www.airboatsrus.com
108.217.213.203 - - [04/Feb/2012:17:34:25 -0900] "GET /usertpl/1blank-plain/_ewisoft_logotrans.gif HTTP/1.1" 200 43 /users/s/n/~sncairboats/usertpl/1blank-plain/_ewisoft_logotrans.gif "http://www.airboatsrus.com/" "Mozilla/5.0 (Windows NT 6.1; WOW64) AppleWebKit/535.7 (KHTML, like Gecko) Chrome/16.0.912.77 Safari/535.7" www.airboatsrus.com
108.217.213.203 - - [04/Feb/2012:17:34:25 -0900] "GET /favicon.ico HTTP/1.1" 404 293 /users/s/n/~sncairboats/favicon.ico "-" "Mozilla/5.0 (Windows NT 6.1; WOW64) AppleWebKit/535.7 (KHTML, like Gecko) Chrome/16.0.912.77 Safari/535.7" www.airboatsrus.com
108.217.213.203 - - [04/Feb/2012:17:34:39 -0900] "GET /airboatsrus.htm HTTP/1.1" 200 4480 /users/s/n/~sncairboats/airboatsrus.htm "http://www.airboatsrus.com/" "Mozilla/5.0 (Windows NT 6.1; WOW64) AppleWebKit/535.7 (KHTML, like Gecko) Chrome/16.0.912.77 Safari/535.7" www.airboatsrus.com
108.217.213.203 - - [04/Feb/2012:17:34:39 -0900] "GET /user/image/hainestrooper99web.jpg HTTP/1.1" 200 31592 /users/s/n/~sncairboats/user/image/hainestrooper99web.jpg "http://www.airboatsrus.com/airboatsrus.htm" "Mozilla/5.0 (Windows NT 6.1; WOW64) AppleWebKit/535.7 (KHTML, like Gecko) Chrome/16.0.912.77 Safari/535.7" www.airboatsrus.com
108.217.213.203 - - [04/Feb/2012:17:34:40 -0900] "GET /user/image/webnakedlady95.jpg HTTP/1.1" 200 45651 /users/s/n/~sncairboats/user/image/webnakedlady95.jpg "http://www.airboatsrus.com/airboatsrus.htm" "Mozilla/5.0 (Windows NT 6.1; WOW64) AppleWebKit/535.7 (KHTML, like Gecko) Chrome/16.0.912.77 Safari/535.7" www.airboatsrus.com
108.217.213.203 - - [04/Feb/2012:17:34:40 -0900] "GET /favicon.ico HTTP/1.1" 404 293 /users/s/n/~sncairboats/favicon.ico "-" "Mozilla/5.0 (Windows NT 6.1; WOW64) AppleWebKit/535.7 (KHTML, like Gecko) Chrome/16.0.912.77 Safari/535.7" www.airboatsrus.com
108.217.213.203 - - [04/Feb/2012:17:34:56 -0900] "GET /favicon.ico HTTP/1.1" 404 293 /users/s/n/~sncairboats/favicon.ico "-" "Mozilla/5.0 (Windows NT 6.1; WOW64) AppleWebKit/535.7 (KHTML, like Gecko) Chrome/16.0.912.77 Safari/535.7" www.airboatsrus.com
72.14.202.87 - - [04/Feb/2012:18:21:55 -0900] "GET /FTP%20root%20at%20home_gci_net.htm HTTP/1.1" 200 4451 /users/s/n/~sncairboats/FTP root at home_gci_net.htm "http://www.google.com/search" "Mozilla/5.0 (X11; Linux x86_64) AppleWebKit/534.51 (KHTML, like Gecko; Google Web Preview) Chrome/12.0.742 Safari/534.51" www.airboatsrus.com
208.93.105.250 - - [04/Feb/2012:18:48:23 -0900] "HEAD / HTTP/1.1" 200 0 /users/s/n/~sncairboats/index.htm "-" "http://www.yellowpages.com/about/legal/crawl" www.airboatsrus.com
199.21.99.91 - - [04/Feb/2012:21:00:17 -0900] "GET /logs/access.log HTTP/1.1" 200 181026 /users/s/n/~sncairboats/logs/access.log "-" "Mozilla/5.0 (compatible; YandexBot/3.0; +http://yandex.com/bots)" www.airboatsrus.com
14.33.246.211 - - [04/Feb/2012:21:05:32 -0900] "GET / HTTP/1.0" 200 1615 /users/s/n/~sncairboats/index.htm "http://www.mfgpages.com/company/Airboats-R-Us-Inc-5200260/" "Mozilla/5.0 (compatible; MFGPagesBot/2.1; +http://www.mfgpages.com)" airboatsrus.com
123.125.71.114 - - [05/Feb/2012:00:45:17 -0900] "GET / HTTP/1.1" 200 1615 /users/s/n/~sncairboats/index.htm "-" "Mozilla/5.0 (compatible; Baiduspider/2.0; +http://www.baidu.com/search/spider.html)" airboatsrus.com
65.52.104.21 - - [05/Feb/2012:01:35:38 -0900] "GET /robots.txt HTTP/1.1" 404 288 /users/s/n/~sncairboats/robots.txt "-" "Mozilla/5.0 (compatible; bingbot/2.0; +http://www.bing.com/bingbot.htm)" airboatsrus.com
94.23.42.135 - - [05/Feb/2012:01:40:46 -0900] "GET /robots.txt HTTP/1.0" 404 276 /users/s/n/~sncairboats/robots.txt "-" "Mozilla/5.0 (compatible; MJ12bot/v1.4.1; http://www.majestic12.co.uk/bot.php?+)" airboatsrus.com
94.23.42.135 - - [05/Feb/2012:01:40:49 -0900] "GET / HTTP/1.0" 200 1615 /users/s/n/~sncairboats/index.htm "-" "Mozilla/5.0 (compatible; MJ12bot/v1.4.1; http://www.majestic12.co.uk/bot.php?+)" airboatsrus.com
65.52.104.21 - - [05/Feb/2012:01:41:01 -0900] "GET / HTTP/1.1" 304 - /users/s/n/~sncairboats/index.htm "-" "Mozilla/5.0 (compatible; bingbot/2.0; +http://www.bing.com/bingbot.htm)" airboatsrus.com
123.125.71.17 - - [05/Feb/2012:02:33:05 -0900] "GET /airboatsrus.htm HTTP/1.1" 200 4480 /users/s/n/~sncairboats/airboatsrus.htm "-" "Mozilla/5.0 (compatible; Baiduspider/2.0; +http://www.baidu.com/search/spider.html)" airboatsrus.com
174.252.175.24 - - [05/Feb/2012:03:11:46 -0900] "GET / HTTP/1.1" 200 1615 /users/s/n/~sncairboats/index.htm "http://m.bing.com/search?q=airboat+gear+reduction&form=BLXBSH&IIG=458dfcac42b94318ae555518d64dac77&kval=7.1&appns=mSERP&cutc=1328425620665" "Mozilla/5.0 (Linux; U; Android 2.2.1; en-us; C771 Build/C771M050) AppleWebKit/533.1 (KHTML, like Gecko) Version/4.0 Mobile Safari/533.1 BingWeb/2.1.570.20110929" airboatsrus.com
174.252.175.24 - - [05/Feb/2012:03:11:47 -0900] "GET /usertpl/1blank-plain/stylesheet.css HTTP/1.1" 200 1392 /users/s/n/~sncairboats/usertpl/1blank-plain/stylesheet.css "http://airboatsrus.com/" "Mozilla/5.0 (Linux; U; Android 2.2.1; en-us; C771 Build/C771M050) AppleWebKit/533.1 (KHTML, like Gecko) Version/4.0 Mobile Safari/533.1 BingWeb/2.1.570.20110929" airboatsrus.com
174.252.175.24 - - [05/Feb/2012:03:11:47 -0900] "GET /usertpl/1blank-plain/_ewisoft_logotrans.gif HTTP/1.1" 200 43 /users/s/n/~sncairboats/usertpl/1blank-plain/_ewisoft_logotrans.gif "http://airboatsrus.com/" "Mozilla/5.0 (Linux; U; Android 2.2.1; en-us; C771 Build/C771M050) AppleWebKit/533.1 (KHTML, like Gecko) Version/4.0 Mobile Safari/533.1 BingWeb/2.1.570.20110929" airboatsrus.com
174.252.175.24 - - [05/Feb/2012:03:12:08 -0900] "GET /airboatsrus.htm HTTP/1.1" 200 4480 /users/s/n/~sncairboats/airboatsrus.htm "http://airboatsrus.com/" "Mozilla/5.0 (Linux; U; Android 2.2.1; en-us; C771 Build/C771M050) AppleWebKit/533.1 (KHTML, like Gecko) Version/4.0 Mobile Safari/533.1 BingWeb/2.1.570.20110929" airboatsrus.com
174.252.175.24 - - [05/Feb/2012:03:12:09 -0900] "GET /user/image/hainestrooper99web.jpg HTTP/1.1" 200 31592 /users/s/n/~sncairboats/user/image/hainestrooper99web.jpg "http://airboatsrus.com/airboatsrus.htm" "Mozilla/5.0 (Linux; U; Android 2.2.1; en-us; C771 Build/C771M050) AppleWebKit/533.1 (KHTML, like Gecko) Version/4.0 Mobile Safari/533.1 BingWeb/2.1.570.20110929" airboatsrus.com
174.252.175.24 - - [05/Feb/2012:03:12:09 -0900] "GET /user/image/webnakedlady95.jpg HTTP/1.1" 200 45651 /users/s/n/~sncairboats/user/image/webnakedlady95.jpg "http://airboatsrus.com/airboatsrus.htm" "Mozilla/5.0 (Linux; U; Android 2.2.1; en-us; C771 Build/C771M050) AppleWebKit/533.1 (KHTML, like Gecko) Version/4.0 Mobile Safari/533.1 BingWeb/2.1.570.20110929" airboatsrus.com
65.52.104.21 - - [05/Feb/2012:04:34:26 -0900] "GET /robots.txt HTTP/1.1" 404 288 /users/s/n/~sncairboats/robots.txt "-" "Mozilla/5.0 (compatible; bingbot/2.0; +http://www.bing.com/bingbot.htm)" airboatsrus.com
65.52.104.21 - - [05/Feb/2012:04:35:15 -0900] "GET / HTTP/1.1" 304 - /users/s/n/~sncairboats/index.htm "-" "Mozilla/5.0 (compatible; bingbot/2.0; +http://www.bing.com/bingbot.htm)" airboatsrus.com
70.168.68.238 - - [05/Feb/2012:05:23:09 -0900] "GET / HTTP/1.1" 200 1615 /users/s/n/~sncairboats/index.htm "http://search.yahoo.com/search;_ylt=AmUu10aOvDD30PHT0n8I4h6bvZx4?p=CHAIN+DRIVE+AIRBOAT&toggle=1&cop=mss&ei=UTF-8&fr=yfp-t-701" "Mozilla/4.0 (compatible; MSIE 8.0; Windows NT 6.1; Trident/4.0; SLCC2; .NET CLR 2.0.50727; .NET CLR 3.5.30729; .NET CLR 3.0.30729; Media Center PC 6.0; InfoPath.3; MS-RTC LM 8)" airboatsrus.com
70.168.68.238 - - [05/Feb/2012:05:23:09 -0900] "GET /usertpl/1blank-plain/_ewisoft_logotrans.gif HTTP/1.1" 200 43 /users/s/n/~sncairboats/usertpl/1blank-plain/_ewisoft_logotrans.gif "http://airboatsrus.com/" "Mozilla/4.0 (compatible; MSIE 8.0; Windows NT 6.1; Trident/4.0; SLCC2; .NET CLR 2.0.50727; .NET CLR 3.5.30729; .NET CLR 3.0.30729; Media Center PC 6.0; InfoPath.3; MS-RTC LM 8)" airboatsrus.com
70.168.68.238 - - [05/Feb/2012:05:23:10 -0900] "GET /usertpl/1blank-plain/stylesheet.css HTTP/1.1" 200 1392 /users/s/n/~sncairboats/usertpl/1blank-plain/stylesheet.css "http://airboatsrus.com/" "Mozilla/4.0 (compatible; MSIE 8.0; Windows NT 6.1; Trident/4.0; SLCC2; .NET CLR 2.0.50727; .NET CLR 3.5.30729; .NET CLR 3.0.30729; Media Center PC 6.0; InfoPath.3; MS-RTC LM 8)" airboatsrus.com
70.168.68.238 - - [05/Feb/2012:05:23:10 -0900] "GET /favicon.ico HTTP/1.1" 404 289 /users/s/n/~sncairboats/favicon.ico "-" "Mozilla/4.0 (compatible; MSIE 8.0; Windows NT 6.1; Trident/4.0; SLCC2; .NET CLR 2.0.50727; .NET CLR 3.5.30729; .NET CLR 3.0.30729; Media Center PC 6.0; InfoPath.3; MS-RTC LM 8)" airboatsrus.com
70.168.68.238 - - [05/Feb/2012:05:23:17 -0900] "GET /p1.htm HTTP/1.1" 200 1615 /users/s/n/~sncairboats/p1.htm "http://airboatsrus.com/" "Mozilla/4.0 (compatible; MSIE 8.0; Windows NT 6.1; Trident/4.0; SLCC2; .NET CLR 2.0.50727; .NET CLR 3.5.30729; .NET CLR 3.0.30729; Media Center PC 6.0; InfoPath.3; MS-RTC LM 8)" airboatsrus.com
70.168.68.238 - - [05/Feb/2012:05:23:18 -0900] "GET /favicon.ico HTTP/1.1" 404 289 /users/s/n/~sncairboats/favicon.ico "-" "Mozilla/4.0 (compatible; MSIE 8.0; Windows NT 6.1; Trident/4.0; SLCC2; .NET CLR 2.0.50727; .NET CLR 3.5.30729; .NET CLR 3.0.30729; Media Center PC 6.0; InfoPath.3; MS-RTC LM 8)" airboatsrus.com
70.168.68.238 - - [05/Feb/2012:05:23:19 -0900] "GET /airboatsrus.htm HTTP/1.1" 200 4480 /users/s/n/~sncairboats/airboatsrus.htm "http://airboatsrus.com/p1.htm" "Mozilla/4.0 (compatible; MSIE 8.0; Windows NT 6.1; Trident/4.0; SLCC2; .NET CLR 2.0.50727; .NET CLR 3.5.30729; .NET CLR 3.0.30729; Media Center PC 6.0; InfoPath.3; MS-RTC LM 8)" airboatsrus.com
70.168.68.238 - - [05/Feb/2012:05:23:20 -0900] "GET /user/image/hainestrooper99web.jpg HTTP/1.1" 200 31592 /users/s/n/~sncairboats/user/image/hainestrooper99web.jpg "http://airboatsrus.com/airboatsrus.htm" "Mozilla/4.0 (compatible; MSIE 8.0; Windows NT 6.1; Trident/4.0; SLCC2; .NET CLR 2.0.50727; .NET CLR 3.5.30729; .NET CLR 3.0.30729; Media Center PC 6.0; InfoPath.3; MS-RTC LM 8)" airboatsrus.com
70.168.68.238 - - [05/Feb/2012:05:23:20 -0900] "GET /user/image/webnakedlady95.jpg HTTP/1.1" 200 45651 /users/s/n/~sncairboats/user/image/webnakedlady95.jpg "http://airboatsrus.com/airboatsrus.htm" "Mozilla/4.0 (compatible; MSIE 8.0; Windows NT 6.1; Trident/4.0; SLCC2; .NET CLR 2.0.50727; .NET CLR 3.5.30729; .NET CLR 3.0.30729; Media Center PC 6.0; InfoPath.3; MS-RTC LM 8)" airboatsrus.com
208.80.194.32 - - [05/Feb/2012:05:47:21 -0900] "GET / HTTP/1.0" 200 1615 /users/s/n/~sncairboats/index.htm "-" "Mozilla/4.0 (compatible; MSIE 7.0; Windows NT 5.1; {91085478-9F68-1089-9C0E-F121B16FB394}; .NET CLR 1.1.4322)" airboatsrus.com
71.50.211.171 - - [05/Feb/2012:07:58:46 -0900] "GET /airboatsrus.htm HTTP/1.1" 200 4480 /users/s/n/~sncairboats/airboatsrus.htm "http://www.bing.com/search?q=airboat+gear+reduction+units&form=MSNH14&qs=AS&sk=AS1&pq=airboat+gear+&sp=2&sc=7-13" "Mozilla/5.0 (compatible; MSIE 9.0; Windows NT 6.1; WOW64; Trident/5.0; BOIE9;ENUSMSNIP)" airboatsrus.com
71.50.211.171 - - [05/Feb/2012:07:58:46 -0900] "GET /usertpl/1blank-plain/stylesheet.css HTTP/1.1" 200 1392 /users/s/n/~sncairboats/usertpl/1blank-plain/stylesheet.css "http://airboatsrus.com/airboatsrus.htm" "Mozilla/5.0 (compatible; MSIE 9.0; Windows NT 6.1; WOW64; Trident/5.0; BOIE9;ENUSMSNIP)" airboatsrus.com
71.50.211.171 - - [05/Feb/2012:07:58:46 -0900] "GET /usertpl/1blank-plain/_ewisoft_logotrans.gif HTTP/1.1" 200 43 /users/s/n/~sncairboats/usertpl/1blank-plain/_ewisoft_logotrans.gif "http://airboatsrus.com/airboatsrus.htm" "Mozilla/5.0 (compatible; MSIE 9.0; Windows NT 6.1; WOW64; Trident/5.0; BOIE9;ENUSMSNIP)" airboatsrus.com
71.50.211.171 - - [05/Feb/2012:07:58:46 -0900] "GET /usertpl/1blank-plain/stylesheet.css HTTP/1.1" 200 1392 /users/s/n/~sncairboats/usertpl/1blank-plain/stylesheet.css "http://airboatsrus.com/airboatsrus.htm" "Mozilla/5.0 (compatible; MSIE 9.0; Windows NT 6.1; WOW64; Trident/5.0; BOIE9;ENUSMSNIP)" airboatsrus.com
71.50.211.171 - - [05/Feb/2012:07:58:46 -0900] "GET /user/image/hainestrooper99web.jpg HTTP/1.1" 200 31592 /users/s/n/~sncairboats/user/image/hainestrooper99web.jpg "http://airboatsrus.com/airboatsrus.htm" "Mozilla/5.0 (compatible; MSIE 9.0; Windows NT 6.1; WOW64; Trident/5.0; BOIE9;ENUSMSNIP)" airboatsrus.com
71.50.211.171 - - [05/Feb/2012:07:58:47 -0900] "GET /user/image/webnakedlady95.jpg HTTP/1.1" 200 45651 /users/s/n/~sncairboats/user/image/webnakedlady95.jpg "http://airboatsrus.com/airboatsrus.htm" "Mozilla/5.0 (compatible; MSIE 9.0; Windows NT 6.1; WOW64; Trident/5.0; BOIE9;ENUSMSNIP)" airboatsrus.com
71.50.211.171 - - [05/Feb/2012:07:58:47 -0900] "GET /favicon.ico HTTP/1.1" 404 289 /users/s/n/~sncairboats/favicon.ico "-" "Mozilla/5.0 (compatible; MSIE 9.0; Windows NT 6.1; WOW64; Trident/5.0; BOIE9;ENUSMSNIP)" airboatsrus.com
213.186.127.2 - - [05/Feb/2012:10:49:22 -0900] "GET /robots.txt HTTP/1.1" 404 288 /users/s/n/~sncairboats/robots.txt "-" "Mozilla/5.0 (compatible; AhrefsBot/2.0; +http://ahrefs.com/robot/)" airboatsrus.com
207.46.199.39 - - [05/Feb/2012:13:55:51 -0900] "GET /robots.txt HTTP/1.1" 404 288 /users/s/n/~sncairboats/robots.txt "-" "Mozilla/5.0 (compatible; bingbot/2.0; +http://www.bing.com/bingbot.htm)" airboatsrus.com
207.46.199.39 - - [05/Feb/2012:13:56:49 -0900] "GET / HTTP/1.1" 304 - /users/s/n/~sncairboats/index.htm "-" "Mozilla/5.0 (compatible; bingbot/2.0; +http://www.bing.com/bingbot.htm)" airboatsrus.com
193.106.136.58 - - [05/Feb/2012:14:07:18 -0900] "GET / HTTP/1.0" 200 1615 /users/s/n/~sncairboats/index.htm "http://www.city-connect.ru/" "Mozilla/5.0 (compatible; Googlebot/2.1; +http://www.google.com/bot.html)" airboatsrus.com
193.106.136.58 - - [05/Feb/2012:14:07:18 -0900] "GET / HTTP/1.0" 200 1615 /users/s/n/~sncairboats/index.htm "http://www.city-connect.ru/" "Mozilla/5.0 (compatible; Googlebot/2.1; +http://www.google.com/bot.html)" airboatsrus.com
193.106.136.58 - - [05/Feb/2012:14:07:19 -0900] "GET / HTTP/1.0" 200 1615 /users/s/n/~sncairboats/index.htm "http://www.city-connect.ru/" "Mozilla/5.0 (compatible; Googlebot/2.1; +http://www.google.com/bot.html)" airboatsrus.com
69.28.58.16 - - [05/Feb/2012:15:55:12 -0900] "GET /robots.txt HTTP/1.0" 404 276 /users/s/n/~sncairboats/robots.txt "http://airboatsrus.com/robots.txt" "HuaweiSymantecSpider/1.0+DSE-support@huaweisymantec.com+(compatible; MSIE 7.0; Windows NT 5.1; Trident/4.0; .NET CLR 2.0.50727; .NET CLR 3.0.4506.2152; .NET CLR ; http://www.huaweisymantec.com/en/IRL/spider)" airboatsrus.com
92.249.127.111 - - [05/Feb/2012:17:06:36 -0900] "GET / HTTP/1.1" 200 1615 /users/s/n/~sncairboats/index.htm "http://vlirt.ru/" "Mozilla/5.0 (compatible; Googlebot/2.1; +http://www.google.com/bot.html)" airboatsrus.com
92.249.127.111 - - [05/Feb/2012:17:06:37 -0900] "GET / HTTP/1.1" 200 1615 /users/s/n/~sncairboats/index.htm "http://vlirt.ru/" "Mozilla/5.0 (compatible; Googlebot/2.1; +http://www.google.com/bot.html)" airboatsrus.com
64.22.106.82 - - [05/Feb/2012:22:50:36 -0900] "GET /robots.txt HTTP/1.0" 404 276 /users/s/n/~sncairboats/robots.txt "-" "Gigabot/3.0 (http://www.gigablast.com/spider.html)" airboatsrus.com
64.22.106.82 - - [05/Feb/2012:22:50:36 -0900] "GET /p1.htm HTTP/1.0" 200 1615 /users/s/n/~sncairboats/p1.htm "-" "Gigabot/3.0 (http://www.gigablast.com/spider.html)" airboatsrus.com
64.22.106.82 - - [05/Feb/2012:22:50:46 -0900] "GET /airboatsrus.htm HTTP/1.0" 200 4480 /users/s/n/~sncairboats/airboatsrus.htm "-" "Gigabot/3.0 (http://www.gigablast.com/spider.html)" airboatsrus.com
98.139.241.252 - - [05/Feb/2012:23:00:24 -0900] "GET / HTTP/1.1" 200 1615 /users/s/n/~sncairboats/index.htm "-" "YahooCacheSystem" airboatsrus.com
98.139.241.252 - - [05/Feb/2012:23:00:24 -0900] "GET /favicon.ico HTTP/1.1" 404 289 /users/s/n/~sncairboats/favicon.ico "-" "YahooCacheSystem" airboatsrus.com
123.125.71.87 - - [05/Feb/2012:23:00:44 -0900] "GET / HTTP/1.1" 200 1615 /users/s/n/~sncairboats/index.htm "-" "Mozilla/5.0 (compatible; Baiduspider/2.0; +http://www.baidu.com/search/spider.html)" airboatsrus.com
178.137.5.23 - - [05/Feb/2012:23:08:34 -0900] "GET / HTTP/1.0" 200 1615 /users/s/n/~sncairboats/index.htm "http://cable-rzn.ru/" "Mozilla/4.0 (compatible; Powermarks/3.5; Windows 95/98/2000/NT)" airboatsrus.com
178.137.5.23 - - [05/Feb/2012:23:08:37 -0900] "GET / HTTP/1.0" 200 1615 /users/s/n/~sncairboats/index.htm "http://cable-rzn.ru/" "Mozilla/4.0 (compatible; MSIE 6.0; Windows NT 5.1; FREE; .NET CLR 1.1.4322)" airboatsrus.com
178.137.5.23 - - [05/Feb/2012:23:08:38 -0900] "GET / HTTP/1.0" 200 1615 /users/s/n/~sncairboats/index.htm "http://cable-rzn.ru/" "Mozilla/4.0 (compatible; MSIE 6.0; Windows NT 5.1; SV1; InfoPath.1" airboatsrus.com
123.125.71.103 - - [05/Feb/2012:23:50:58 -0900] "GET /airboatsrus.htm HTTP/1.1" 200 4480 /users/s/n/~sncairboats/airboatsrus.htm "-" "Mozilla/5.0 (compatible; Baiduspider/2.0; +http://www.baidu.com/search/spider.html)" www.airboatsrus.com
66.249.67.237 - - [05/Feb/2012:00:19:19 -0900] "GET /robots.txt HTTP/1.1" 404 292 /users/s/n/~sncairboats/robots.txt "-" "Mozilla/5.0 (compatible; Googlebot/2.1; +http://www.google.com/bot.html)" www.airboatsrus.com
66.249.67.237 - - [05/Feb/2012:00:19:19 -0900] "GET /_themes/ HTTP/1.1" 200 789 /users/s/n/~sncairboats/_themes/ "-" "Mozilla/5.0 (compatible; Googlebot/2.1; +http://www.google.com/bot.html)" www.airboatsrus.com
66.249.67.237 - - [05/Feb/2012:00:39:17 -0900] "GET /_themes/themes.inf HTTP/1.1" 200 7328 /users/s/n/~sncairboats/_themes/themes.inf "-" "Mozilla/5.0 (compatible; Googlebot/2.1; +http://www.google.com/bot.html)" www.airboatsrus.com
94.23.42.135 - - [05/Feb/2012:01:40:50 -0900] "GET /robots.txt HTTP/1.0" 404 280 /users/s/n/~sncairboats/robots.txt "-" "Mozilla/5.0 (compatible; MJ12bot/v1.4.1; http://www.majestic12.co.uk/bot.php?+)" www.airboatsrus.com
94.23.42.135 - - [05/Feb/2012:01:40:53 -0900] "GET / HTTP/1.0" 200 1615 /users/s/n/~sncairboats/index.htm "-" "Mozilla/5.0 (compatible; MJ12bot/v1.4.1; http://www.majestic12.co.uk/bot.php?+)" www.airboatsrus.com
80.40.134.120 - - [05/Feb/2012:01:57:02 -0900] "GET /airboatsrus.htm HTTP/1.0" 200 4480 /users/s/n/~sncairboats/airboatsrus.htm "http://www.airboatsrus.com/airboatsrus.htm" "Mozilla/4.0 (compatible; MSIE 8.0; Windows NT 5.1; Trident/4.0; .NET CLR 2.0.50727; .NET CLR 3.0.04506.648; .NET CLR 3.5.21022; .NET CLR 3.0.4506.2152; .NET CLR 3.5.30729; InfoPath.2)" www.airboatsrus.com
80.40.134.120 - - [05/Feb/2012:01:57:05 -0900] "GET /p1.htm HTTP/1.0" 200 1615 /users/s/n/~sncairboats/p1.htm "http://www.airboatsrus.com/p1.htm" "Mozilla/4.0 (compatible; MSIE 8.0; Windows NT 5.1; Trident/4.0; .NET CLR 2.0.50727; .NET CLR 3.0.04506.648; .NET CLR 3.5.21022; .NET CLR 3.0.4506.2152; .NET CLR 3.5.30729; InfoPath.2)" www.airboatsrus.com
213.186.127.2 - - [05/Feb/2012:02:43:53 -0900] "GET /p1.htm HTTP/1.1" 200 1615 /users/s/n/~sncairboats/p1.htm "-" "Mozilla/5.0 (compatible; AhrefsBot/2.0; +http://ahrefs.com/robot/)" www.airboatsrus.com
123.125.71.57 - - [05/Feb/2012:03:30:39 -0900] "GET / HTTP/1.1" 200 1615 /users/s/n/~sncairboats/index.htm "-" "Mozilla/5.0 (compatible; Baiduspider/2.0; +http://www.baidu.com/search/spider.html)" www.airboatsrus.com
123.125.71.94 - - [05/Feb/2012:09:17:11 -0900] "GET /usertpl/1blank-plain/stylesheet.css HTTP/1.1" 200 1392 /users/s/n/~sncairboats/usertpl/1blank-plain/stylesheet.css "-" "Mozilla/5.0 (compatible; Baiduspider/2.0; +http://www.baidu.com/search/spider.html)" www.airboatsrus.com
199.21.99.91 - - [05/Feb/2012:09:47:39 -0900] "GET /robots.txt HTTP/1.1" 404 292 /users/s/n/~sncairboats/robots.txt "-" "Mozilla/5.0 (compatible; YandexBot/3.0; +http://yandex.com/bots)" www.airboatsrus.com
174.253.64.12 - - [05/Feb/2012:10:14:28 -0900] "GET / HTTP/1.1" 200 1615 /users/s/n/~sncairboats/index.htm "http://www.airboatdirectory.com/1_AAirboatBuildersAZ4.html" "Mozilla/5.0 (Linux; U; Android 2.3.3; en-us; DROIDX Build/4.5.1_57_DX5-35) AppleWebKit/533.1 (KHTML, like Gecko) Version/4.0 Mobile Safari/533.1" www.airboatsrus.com
174.253.64.12 - - [05/Feb/2012:10:14:28 -0900] "GET /usertpl/1blank-plain/_ewisoft_logotrans.gif HTTP/1.1" 200 43 /users/s/n/~sncairboats/usertpl/1blank-plain/_ewisoft_logotrans.gif "http://www.airboatsrus.com/" "Mozilla/5.0 (Linux; U; Android 2.3.3; en-us; DROIDX Build/4.5.1_57_DX5-35) AppleWebKit/533.1 (KHTML, like Gecko) Version/4.0 Mobile Safari/533.1" www.airboatsrus.com
174.253.64.12 - - [05/Feb/2012:10:14:28 -0900] "GET /usertpl/1blank-plain/stylesheet.css HTTP/1.1" 200 1392 /users/s/n/~sncairboats/usertpl/1blank-plain/stylesheet.css "http://www.airboatsrus.com/" "Mozilla/5.0 (Linux; U; Android 2.3.3; en-us; DROIDX Build/4.5.1_57_DX5-35) AppleWebKit/533.1 (KHTML, like Gecko) Version/4.0 Mobile Safari/533.1" www.airboatsrus.com
174.253.64.12 - - [05/Feb/2012:10:14:29 -0900] "GET /favicon.ico HTTP/1.1" 404 293 /users/s/n/~sncairboats/favicon.ico "http://www.airboatsrus.com/" "Mozilla/5.0 (Linux; U; Android 2.3.3; en-us; DROIDX Build/4.5.1_57_DX5-35) AppleWebKit/533.1 (KHTML, like Gecko) Version/4.0 Mobile Safari/533.1" www.airboatsrus.com
174.253.64.12 - - [05/Feb/2012:10:14:35 -0900] "GET /airboatsrus.htm HTTP/1.1" 200 4480 /users/s/n/~sncairboats/airboatsrus.htm "http://www.airboatsrus.com/" "Mozilla/5.0 (Linux; U; Android 2.3.3; en-us; DROIDX Build/4.5.1_57_DX5-35) AppleWebKit/533.1 (KHTML, like Gecko) Version/4.0 Mobile Safari/533.1" www.airboatsrus.com
174.253.64.12 - - [05/Feb/2012:10:14:36 -0900] "GET /user/image/hainestrooper99web.jpg HTTP/1.1" 200 31592 /users/s/n/~sncairboats/user/image/hainestrooper99web.jpg "http://www.airboatsrus.com/airboatsrus.htm" "Mozilla/5.0 (Linux; U; Android 2.3.3; en-us; DROIDX Build/4.5.1_57_DX5-35) AppleWebKit/533.1 (KHTML, like Gecko) Version/4.0 Mobile Safari/533.1" www.airboatsrus.com
174.253.64.12 - - [05/Feb/2012:10:14:36 -0900] "GET /user/image/webnakedlady95.jpg HTTP/1.1" 200 45651 /users/s/n/~sncairboats/user/image/webnakedlady95.jpg "http://www.airboatsrus.com/airboatsrus.htm" "Mozilla/5.0 (Linux; U; Android 2.3.3; en-us; DROIDX Build/4.5.1_57_DX5-35) AppleWebKit/533.1 (KHTML, like Gecko) Version/4.0 Mobile Safari/533.1" www.airboatsrus.com
208.80.194.30 - - [05/Feb/2012:10:47:25 -0900] "GET / HTTP/1.0" 200 1615 /users/s/n/~sncairboats/index.htm "-" "Mozilla/4.0 (compatible; MSIE 7.0; Windows NT 5.1; .NET CLR 1.1.4322; PeoplePal 3.0; IEMB3; .NET CLR 2.0.50727; IEMB3)" www.airboatsrus.com
213.186.127.2 - - [05/Feb/2012:10:49:22 -0900] "GET /robots.txt HTTP/1.1" 404 292 /users/s/n/~sncairboats/robots.txt "-" "Mozilla/5.0 (compatible; AhrefsBot/2.0; +http://ahrefs.com/robot/)" www.airboatsrus.com
14.33.246.211 - - [05/Feb/2012:11:16:21 -0900] "GET / HTTP/1.0" 200 1615 /users/s/n/~sncairboats/index.htm "http://www.openfos.com/supply/Airboats-R-Us-Inc-2335701/" "Mozilla/5.0 (compatible; OpenfosBot/2.1; +http://www.openfos.com)" www.airboatsrus.com
69.51.157.165 - - [05/Feb/2012:11:39:20 -0900] "GET / HTTP/1.1" 200 1615 /users/s/n/~sncairboats/index.htm "http://www.airboatdirectory.com/1_AAirboatBuildersAZ4.html" "Mozilla/4.0 (compatible; MSIE 7.0; Windows NT 6.0; GTB7.2; SLCC1; .NET CLR 2.0.50727; .NET CLR 3.5.30729; .NET4.0C; .NET CLR 3.0.30729)" www.airboatsrus.com
69.51.157.165 - - [05/Feb/2012:11:39:21 -0900] "GET /usertpl/1blank-plain/stylesheet.css HTTP/1.1" 200 1392 /users/s/n/~sncairboats/usertpl/1blank-plain/stylesheet.css "http://www.airboatsrus.com/" "Mozilla/4.0 (compatible; MSIE 7.0; Windows NT 6.0; GTB7.2; SLCC1; .NET CLR 2.0.50727; .NET CLR 3.5.30729; .NET4.0C; .NET CLR 3.0.30729)" www.airboatsrus.com
69.51.157.165 - - [05/Feb/2012:11:39:21 -0900] "GET /usertpl/1blank-plain/_ewisoft_logotrans.gif HTTP/1.1" 200 43 /users/s/n/~sncairboats/usertpl/1blank-plain/_ewisoft_logotrans.gif "http://www.airboatsrus.com/" "Mozilla/4.0 (compatible; MSIE 7.0; Windows NT 6.0; GTB7.2; SLCC1; .NET CLR 2.0.50727; .NET CLR 3.5.30729; .NET4.0C; .NET CLR 3.0.30729)" www.airboatsrus.com
69.51.157.165 - - [05/Feb/2012:11:39:22 -0900] "GET /favicon.ico HTTP/1.1" 404 293 /users/s/n/~sncairboats/favicon.ico "-" "Mozilla/4.0 (compatible; MSIE 7.0; Windows NT 6.0; GTB7.2; SLCC1; .NET CLR 2.0.50727; .NET CLR 3.5.30729; .NET4.0C; .NET CLR 3.0.30729)" www.airboatsrus.com
